14
Calculate 110 + 7 + -41 + 40 + -15.
101
-899 + 956 - (39 - 1)
19
-5 - (-3 + 3 + -3 + -12) - (84 - 109)
35
Evaluate 12 - (-70 - (15 + 18 + -20 + -14)).
81
What is -975 + 952 + (1 - -20)?
-2
What is the value of 9 + -5 - (12 + 0) - ((6 - 12) + -34)?
32
What is the value of -22 - (6 - ((4 - -6) + (35 - 48) + 16))?
-15
What is 8 - (21 - (9 + (-17 - (11 - -3 - 24))))?
-11
Evaluate (-11 + -21 + 21 - 82) + -25.
-118
Evaluate -37 - (-49 + -45 + 69).
-12
What is the value of (9 - 15) + 41 + -29 - -46?
52
Calculate 37 - (-4 + (292 - 298 - (-4 - 0))).
43
61 - (57 + 16) - 77
-89
What is 9 + 0 - 31 - (13 - 26) - 2?
-11
What is the value of -105 - ((51 - 34) + -81)?
-41
Calculate 117 + (-100 - -32) + -24 + -1.
24
Evaluate -14 + (50 - (21 - 2)) + -3.
14
Calculate 6 - 0 - (-11711 - -11771).
-54
Calculate (-143 - -73 - -33) + 105.
68
(-12 - -5 - -8 - 16) + 3 + 2 + 2
-8
Evaluate -12 + (9 - (-17 - (-41 - -15) - (-2 - 56))).
-70
-24 + -7 + 19 + 44
32
What is the value of 28 - (-7 - (-1 - (-16 + 8)))?
42
What is the value of (0 + -54 + 24 - -75) + -3 + -11?
31
6 - -6 - (35 + (-15 - -29 - 10))
-27
Calculate 6467 - 6445 - (125 + 1 + 1).
-105
Calculate (-90 - -116) + 85 - 94.
17
What is the value of -14094 - -14212 - (-2 - -66)?
54
Calculate -36 + (-15 - ((-6 - -22) + -51)).
-16
Calculate -418 + 481 + (9 - (3 + -2 + 1)).
70
What is 138 - (21 + 105) - (52 + 0 + 1)?
-41
Evaluate 35 + (-91 - -39 - -35) + 13 + 0.
31
What is 71 + -111 - 37 - -137?
60
What is (0 - -12) + (-36 - -20) + 14 + (5 - 21)?
-6
Evaluate -17 + -3 + (-20 - (-24 + 16)).
-32
Calculate (3 - -21) + 28 + -13.
39
Calculate 73 + (17 - 104) + 43.
29
Evaluate -7 - -20 - (-36 - (11 + -53)).
7
What is 59 + (-60 - -54) + -91?
-38
What is -30 + (31 - 35) + 24 + (46 - -1)?
37
Calculate -47 - -5 - ((9 - 0) + -22 + 9 + 4).
-42
Evaluate (-21 - -56) + -14 + 27 + -33.
15
What is the value of -6 - 40 - -27 - -117?
98
Evaluate -11 + 7 - 15 - (-7 - 0).
-12
-1 - 92 - (21 + (-81 - -29) + 30)
-92
Evaluate -16 + (-42 - 8) + 13 + (-1 - 2) + -9.
-65
What is 68 + -69 + (-41 - -37)?
-5
What is the value of -23 + (3 - (20 + (8 - (4 - -18))))?
-26
Evaluate -167 + (19 - -37) - -57.
-54
Calculate 14 - ((-14 + -15 - -15) + 54).
-26
What is the value of -15 + (-12 - -21) + -17 + (-21 - -104)?
60
Evaluate 94 + -87 + (5 + -6 - 1 - (2 + -1)).
4
Evaluate -554 + 513 + (91 - -5 - 14).
41
What is (3 - -45) + (331 - 359)?
20
Calculate (3 + -14 - (-11 + 11 + 2)) + -42.
-55
4 + (4 - 28) - (6 + -18) - (-97 - 6)
95
Calculate -8 + (-1 + 10 - 9) - -10.
2
14 - 117 - (-11 + 2 + (-2 - (-10 - -13)))
-89
16 - (50 - (-5 + 32) - -2)
-9
Calculate (-818 - -871) + (-38 - 2).
13
What is the value of (3 + -12 + -3 - (-18 + 7)) + -26?
-27
Calculate (44 + 0 + 7 - -8) + -10.
49
What is -2 - (-1 - -3) - (-452 + 501) - -14?
-39
What is the value of -19427 - -19508 - (135 + 1)?
-55
What is the value of 90 - 1 - (-61 + (-61 + 148 - 23))?
86
What is the value of -54 + 101 + -33 + -50?
-36
10 + 24 + -24 + 23 + -33
0
What is (53 - 0) + (-3 - (7 - -3) - (-3 - 2))?
45
Calculate -93 - (-75 - (-44 + -19)).
-81
What is (16 - (67 + 6)) + 86?
29
What is 13 - (0 + (17 - -2)) - (14 + -93)?
73
-48 + -161 - -100 - -3
-106
Calculate -28973 - -28992 - (1 + 21 + 1).
-4
9 + -1 + (23 + -40 - (-13 + -13))
17
What is 34 + (-18 - 13) - (2 - (-2 + 0 + -26))?
-27
-6 - 0 - (164 - 176)
6
What is the value of (-3 - (-3 + 46)) + 309 + -320?
-57
Calculate 117 + -122 - (3 + -32).
24
What is 2 + 12 - (11 - (-29 + -7))?
-33
What is the value of -501 + 391 - (1 - 73)?
-38
What is the value of 72 - (-77 + (-1 - -73))?
77
Evaluate 68 - 63 - -26 - -42.
73
Calculate -6 - (-9 - 2) - (-4 + 32 - (-45 - -49)).
-19
What is the value of -186 + 172 - (6 + -8 - (-4 - -3))?
-13
What is 2 - (14 - (-11 + -3 + 29))?
3
What is (-23 - (-16 + 10) - (16 + -15)) + 28?
10
What is the value of (-17 - 6) + -12 + -3 + 2?
-36
Calculate (22 - 9) + (0 - (5 - (5 - 49))).
-36
(88 - 32) + (5 - 3) + 5 + 9 + -25
47
Evaluate 21 + -2 + (-9 - (0 - 2)) + 9.
21
Evaluate (21 - 45) + (-20 - -66).
22
0 + 2 - (-6 + 1 + 63 + 35)
-91
Evaluate 11 - (-2 + 0) - (1015 - 986).
-16
What is the value of (39 - (19 - 11)) + -35 + 6 + 10?
12
Evaluate 33 + (6 + -31 + 10 - 6).
12
Evaluate 25 - 3 - (-448 + 412).
58
Evaluate 4 + -21 + 33 + 27.
43
Calculate (-9 + 1 - -31) + 46 + -23.
46
56 - 11 - (212 + -176)
9
What is -13 + -19 + (-11 - -46) + -16?
-13
What is the value of -50 + (-4 - (19 - (-10 - -14))) + -1?
-70
75 + (-31 - (7 - 14))
51
Evaluate 5 - (63 + (-17 - 22)).
-19
Evaluate (851 - 865) + (-95 - (5 + -10)).
-104
Evaluate -1 - (54 - (259 - 87)).
117
What is the value of -18 + -1 + 1 - (51 + -105)?
36
585 + -552 - (-1 - (2 - 118))
-82
2 - 1 - 29 - (36983 - 36952)
-59
Calculate (-16 - -44) + -17 - (88 - 74).
-3
What is the value of 2 + 11 - (-120 + 84 - -51)?
-2
What is 36 - -4 - (14 - (43 + -32))?
37
What is -553 + 495 + (24 - 4)?
-38
What is the value of (-4 - 2 - (-26 + 64 + -38)) + 37?
31
-41 + 16 - 32 - -25
-32
Evaluate -3 + (-39 - (-8 + 15) - ((11 - 12) + -9)).
-39
Evaluate (-14 - ((-9 - 4) + 53) - -7) + -10.
-57
What is -24 - 35 - -54 - 23?
-28
Calculate 22 - ((-63 - -48) + 5).
32
What is -41 + 106 + -135 + 56?
-14
What is the value of -7 + (3 - 10) + 44 + -33 + (9 - 0)?
6
What is -51 - (15 + (-30 - (21 - 42)))?
-57
What is the value of -204 - (121 + -124 - 96)?
-105
What is the value of -7 + 21 + -4 - (-13 + 126 + -10)?
-93
What is (1 - 2 - (-99 + 96)) + 0 + 3 - 6?
-1
What is (-89 - -115) + (4 + -3 - 8) + -76?
-57
Evaluate 2 - (17 + 0) - (332 + -361).
14
What is (2 - 6) + (28 - 20) + -3 + (-109 - 1)?
-109
Evaluate -14 - (-20 - -12) - -31.
25
What is the value of (-1 - 52) + (455 - 425) + -37?
-60
What is (-3786 - -3768) + (2 - (1 - 102))?
85
Evaluate -135 + 51 + 50 + -7.
-41
Evaluate 22 - (63 - 47) - (-13 - -2).
17
Calculate (-4 - -2) + -10 - (3026 + -2992).
-46
(1 + 1 - -54) + (24 - ((-95 - -51) + 75))
49
Calculate 5 + 23 + (6 - (28 - (12 + -2))).
16
Evaluate 39 - (13 + (27 - 43) + 19).
23
What is -31 + 4 - -24 - -27?
24
Calculate (-7 - -6) + 1 + (25 - 6) + -5 + -2.
12
What is the value of -28 - ((-3 + 0 - 14) + (200 - 182))?
-29
Evaluate (23 - 20 - -13 - 17) + 103 - 19.
83
Calculate (0 + 0 - -1) + 7 - (28 - (-29 + 48)).
-1
Evaluate 1 + 17 - ((49 - 28 - 15) + 2).
10
6 - 56 - (-75 + -9)
34
-19 + -69 + 6 - (-15 - -13)
-80
(65 - 75) + (1 + 10 - (-2 + 3))
0
207 + -163 + -47 + ((-2 - -2) + 1 - 1)
-3
Evaluate (1 - 1) + 28 - (-402 - -442).
-12
(1 - 6) + (25 - -8) + -57 + -28 - -2
-55
-7416 - -7473 - ((-2 - -3 - -1) + 10)
45
41 - 17 - (-6 + (-24 + 16 - -31))
7
What is the value of -7 - (24 - 2 - 32 - (-74 - 1))?
-72
What is (-217 - -215) + 0 + 13 - (10 + 3) - -28?
26
Evaluate -8 + -55 + 162 + -206.
-107
What is the value of 4 - 1 - (41 - (5 - (19 - 41)))?
-11
What is 138 + -269 + 69 - 50?
-112
What is the value of (9 - 4) + -15 + (-11 - -24)?
3
What is 33 + 1 + -5 + 1 - (-116 - -120)?
26
Evaluate 9 - (4 - (1 + 25 + -15 - 8)).
8
What is the value of (23 - 2) + (-33 - (25 + 15 - 11))?
-41
Calculate 105 - 21 - (54 + -4).
34
What is 12 + (0 + 6 - 19) - -23?
22
4 - 24 - 1 - (17 - (-4 + 12))
-30
Calculate -533 - -520 - (-68 + 4).
51
0 - 0 - (-42 + -51 + 33)
60
What is the value of -28 + (75 - (-37 + 74))?
10
What is 2 - 0 - (-1 + 1) - (-389 - -429)?
-38
25 + (-24 - 11) + (-11 - (1 + 1))
-23
Evaluate 103 - (182 - 114) - -7.
42
51 + (13 - 4) + (473 - 457)
76
Evaluate 23 - ((-7 - 7) + -11 + 16).
32
What is -19 - (-155 + (-16 - -6) + (-10 - -24))?
132
1 + 8 + 5 + (-8 - -11) + -3
14
What is the value of -40 - 1 - ((12 - (2 + 4)) + (16 - 22))?
-41
(143 - 189) + -2 + 6 + (4 - 8)
-46
What is -94 - (35 + -151 + -50)?
72
Calculate 2 + 27 + (-8 - (24 + -16)) - 3.
10
3 - (4 + 0 - ((4 - (-4 - -8)) + -13))
-14
Evaluate -24 - (0 + 0 + -7) - (-49 + 53).
-21
Evaluate (-20392 - -20413) + (-2 - (-3 + 2) - 1) + 16.
35
Evaluate -2 + 7 + -8 + -7 + (8 - 4) + 10.
4
Evaluate 35 + 2 + -5 - (-3 + (30 - 30)).
35
Evaluate 2 + -10 + 13 - (10 + -4 + 4).
-5
What is the value of 39 + (-12 - (-19 - (-1 + 2))) + (3 - 1)?
49
Evaluate 0 + -126 - (-78 - ((13 - 23) + -45)).
-103
1 + (-1 - (1 - -41) - (-4251 + 4240))
-31
What is the value of -9 - ((-5 - -2) + (2 + -53 + -5 - 4))?
54
What is the value of -14 + 9 + 22 + -34 - -4?
-13
Evaluate 37 + -20 + (1 - 3 - (0 + -5)) + -9.
11
What is t